Suppose 2510 = 6*w - 14614. What is the hundreds digit of w?
8
What is the units digit of (-202)/(-8) - (-335)/(-268)?
4
Let x(a) = -1131*a**3 - a**2 + 33*a + 34. What is the units digit of x(-1)?
1
Let i(q) = -q. Let u be i(-3). Suppose d - 5 = u. What is the units digit of d?
8
Suppose 4*f + 2920 = 3*t - 293, 0 = 4*t - 4*f - 4284. What is the units digit of t?
1
Let x = -4280 - -6353. What is the units digit of x?
3
Let o(y) be the second derivative of -y**4/12 + 7*y**3/6 - 3*y**2 + 15*y. Let l be o(7). Let w = l + 22. What is the tens digit of w?
1
Suppose 4*d = 3*o - 31, 3*d - 5 = 3*o + 8*d. Suppose -4*p = f + o, f + 0*p + 3*p + 3 = 0. What is the units digit of (1 - 10/(-6))*f?
8
Suppose 5 + 3 = -3*h + 2*z, -z - 1 = h. Suppose 5*j - 14 = -3*o - o, -4*j = o - 9. What is the tens digit of (-62)/h + o*-2?
2
Suppose 36*t - 15559 = 6977. What is the units digit of t?
6
Let r = -319 + 541. What is the tens digit of r?
2
Suppose -4*a = -51*a + 58327. What is the hundreds digit of a?
2
Let h be -4 - (-10 - 2) - 4. What is the tens digit of (6/h)/(3/50)?
2
Let m(s) = 47*s + 12. Let q be m(5). Suppose -77 = -4*p + q. What is the units digit of p?
1
Let d be -38 + 5*(-2)/(-5). Let o = -77 - d. Let s = -20 - o. What is the tens digit of s?
2
Let q = 14 - 15. Let j be -4*(q - (3 + 9)). Let a = j + -10. What is the units digit of a?
2
Let l = 222 + 2736. What is the hundreds digit of l?
9
Suppose 4*r - 3685 = -n, 13192 + 5148 = 5*n + 3*r. What is the thousands digit of n?
3
Let a = 27 - 18. Let h = a + -5. Suppose h = -w + 2*w. What is the units digit of w?
4
Let u(o) = -o**3 + 11*o**2 - 2*o**3 + 4*o**3 - 15*o - 7 - 2. Suppose -h = 2*c + 23, 2*h - 3*h - 59 = 5*c. What is the tens digit of u(c)?
2
Let r be (-10)/(-8)*2*2. Suppose r*a - 165 = -55. What is the units digit of a?
2
Let a(s) = s**2 + 13*s - 2. Let h be a(-7). Let j = -25 - h. What is the tens digit of j?
1
Suppose 0 = -18*q + 2*q + 26816. What is the hundreds digit of q?
6
What is the thousands digit of (-5 + 21045/(-30))/((-2)/12)?
4
Let x(c) = 6*c**2 - 11*c + 75. What is the tens digit of x(28)?
7
Let w(s) = -s - 7. Let l be w(-11). Let m = l - 0. Suppose c - 1 = 2*o, -m*c + 0*o = o - 31. What is the units digit of c?
7
Let q = -182 + 324. Suppose 2*w - z - q = 17, -5*w = -5*z - 410. What is the tens digit of w?
7
Let q(t) be the first derivative of -2*t**2 - 41*t + 59. What is the units digit of q(-29)?
5
Let r be (-20)/(-50) - (-36)/10. Suppose 4*p + 128 = r*j - 0*j, -2*p = 3*j - 71. What is the units digit of j?
7
Let a be 4/(-22) - 464/(-11). Let r be -5*((0 - -3) + -2). Let q = a + r. What is the tens digit of q?
3
Let d be (-3)/(-6) + 4135/10. What is the tens digit of d/12*1*(-14)/(-3)?
6
Suppose 2*f - 3*y - 97 = 0, 4*f + 96 = 6*f - 4*y. What is the tens digit of f?
5
Let a(s) = s**3 - 3*s**2 + 4*s - 9. What is the hundreds digit of a(7)?
2
Let g = -1495 + 3314. What is the tens digit of g?
1
Let f = -58 + 58. Suppose 5*q - 124 - 276 = f. What is the units digit of q?
0
Suppose 0 = -n - 0*n - 24. Let k = n + 17. What is the tens digit of 14 - ((0 - -4) + k)?
1
Let f(j) = -1285*j**3 + 3*j**2 + 4*j + 2. What is the units digit of f(-1)?
6
Let f = -51 + 195. What is the hundreds digit of f?
1
Let u(c) = -3*c - 3*c - 7 - 3*c. What is the units digit of u(-2)?
1
Suppose -468 = -d + 4*g + 184, -2663 = -4*d + 5*g. What is the tens digit of d?
7
Suppose 105*s = 102*s + 693. What is the units digit of -9 + s - (3/(-1) - 0)?
5
Let d(q) = 8*q**2 + 2*q - 14. Let k be d(3). Suppose 32 = v - k. What is the tens digit of v?
9
Suppose o - 3*m = 590, 615 = 11*o - 10*o + 2*m. What is the tens digit of o?
0
What is the tens digit of 8 + -9 + (-4)/2 + 526?
2
Let r be (-7)/2*((-48)/28 + 0). What is the tens digit of (-2785)/(-15) + (-1)/r*-2?
8
Let q = -10 - -21. Let d(c) = -7 + 5*c + q*c + 5*c - 31*c. What is the tens digit of d(-5)?
4
Suppose 0 = -3*h + 4*u + 1813, 0 = -h - 28*u + 32*u + 591. What is the units digit of h?
1
Let r be 194/6 + 4/6. Suppose 2*l - r - 3 = 0. What is the tens digit of l?
1
What is the hundreds digit of 2153312/480 + (-1)/15?
4
Suppose -v + 10 = -2*v. Let g be 120/18*12/v. Let l(z) = -z + 16. What is the units digit of l(g)?
4
Suppose 3*b - 3 = 6. Suppose 4*t = 16, 4*w + b*t = 6*t + 192. Suppose -3*f + w + 93 = 0. What is the tens digit of f?
4
Suppose -3*q = -2*q - 2, -233 = 3*a - 4*q. Let o be 660/a + (-2)/10. Let f = 12 - o. What is the tens digit of f?
2
Suppose 5*v = -269 + 1404. What is the hundreds digit of v?
2
Suppose 51*t - 5287 = 4505. What is the units digit of t?
2
Let f(v) be the second derivative of -v**4/4 + 3*v**3 + 3*v**2 - 7*v. Let k(x) = -x. Let m(s) = -f(s) - 5*k(s). What is the tens digit of m(7)?
5
Suppose 9*n - 19 = -10. What is the units digit of (-1 - (-3 + n)) + 33?
4
Let h(t) = -t**2 - 5*t - 3. Let a = 11 + -8. Let j(q) = 3*q**2 + 10*q + 6. Let n(d) = a*j(d) + 7*h(d). What is the tens digit of n(5)?
2
Let h = -3779 - -10113. What is the tens digit of h?
3
Let w(p) = 5*p**2 - 11*p - 105. Let r(t) = t**2 - 2*t - 21. Let z = -17 - -6. Let b(y) = z*r(y) + 2*w(y). What is the units digit of b(0)?
1
Suppose -3 = -2*s + 3. Suppose 6*r - 25 = r - 5*j, -s*r + j = -15. What is the tens digit of 6*r/45*36?
2
Let z = -698 + 1028. What is the tens digit of z?
3
Suppose 2075 = -4*p + 6575. What is the units digit of p?
5
Suppose -3*l + 5*q + 205 = 2*l, 3*l = 5*q + 129. Suppose -3*n - 76 = -28. Let s = n + l. What is the tens digit of s?
2
Let b(m) = m**3 + 6*m**2 - 2*m - 5. Let j be b(-5). Let f = -23 + j. Suppose -f*n + 5*n + 62 = 0. What is the tens digit of n?
3
Let w be (-1 + 1)/(6 - 7). Let u be (-11 - -12)*(w + -3). What is the units digit of (-1)/3 + (-133)/u?
4
Suppose 236*a - 246*a + 35010 = 0. What is the tens digit of a?
0
Let z(l) = 11*l**2 - 3*l + 2. Let c = -11 + 13. Let x be z(c). Suppose 10*p - x = 5*p. What is the units digit of p?
8
Suppose -4*v - 3*w = -39, -5*v = -v - 2*w - 14. Suppose v = 2*i - 3*m, i + m - 3 = -3*m. Suppose -d = i*t - 15, 0 = 3*t - 0*t. What is the units digit of d?
5
Let g(a) = a**2 + 9*a - 5. Let l be g(-7). Suppose -2 = w + 12. Let y = w - l. What is the units digit of y?
5
Let n = -189 - -613. Suppose h + 7*h = n. What is the units digit of h?
3
Let k(c) = 15*c**3 + 4*c**2 + c + 2. What is the tens digit of k(5)?
8
Suppose 1873 = 2*y - 2*m + 7*m, -4*y = 2*m - 3770. What is the units digit of y?
4
Suppose 0 = 2*y - k - 11, -2*y + 1 = 4*k + 5. Let z(p) = -p**3 + 2*p**2 + 5*p + 1. Let m be z(y). What is the units digit of (-2)/m - (-2740)/55?
0
Suppose -2*z + 176 = 14*z. Suppose -z*l = 11*l - 5324. What is the hundreds digit of l?
2
Let b(k) = k**3 - 6*k**2 - k + 17. Let p(m) = m**2 + 13*m + 16. Let x be p(-11). Let j(c) = -4*c - 17. Let d be j(x). What is the tens digit of b(d)?
5
Let x = -2013 - -3045. What is the tens digit of x?
3
Let j be (8/6)/(24/36). Let d be j/(-4) - (-25)/2. Suppose u = -3, -3*y - 2*u - d = 3*u. What is the units digit of y?
1
Let n = -2852 - -4063. What is the hundreds digit of n?
2
Let s(c) be the third derivative of c**5/60 + 5*c**4/12 + 9*c**2. Let u be s(-10). What is the tens digit of 23 - (2/2 + u)?
2
Suppose 0 = 8*s - 10*s + 32. Suppose 4*w + s = 0, -v - w = 64 - 228. What is the tens digit of v?
6
Let f = 18 + -19. Let d(g) = -g**2 - g - 1. Let q(x) = 34*x**2 - 3*x - 3. Let j(l) = -5*d(l) + q(l). What is the units digit of j(f)?
9
Let h(t) be the third derivative of 2*t**4/3 - t**3/6 + 2*t**2. Suppose -3*q + 5*q + 4*n - 20 = 0, -4*q - 2*n + 16 = 0. What is the units digit of h(q)?
1
Suppose -56 - 52 = -2*f. Let o = 0 + f. What is the tens digit of o?
5
Let y be (-5 - -3)*(1 + 1). Let o be y/6 + (-52)/3. Let j = o + 34. What is the tens digit of j?
1
Suppose 62*v = 67*v - 8640. What is the units digit of v?
8
What is the tens digit of 47/(((-5 + 6)/(-1))/(-3))?
4
What is the tens digit of (-2 - (-77)/(-14))*(-135 - -5)?
7
Suppose -4236 = -26*g + 27692. What is the thousands digit of g?
1
Let l = 1 - -1. Suppose 0 - 12 = -l*m. Suppose 0 = m*i - 7*i + 23. What is the tens digit of i?
2
Let x be 2 - 5 - 14/(-2). Suppose -3*k + k = x*z - 8, -8 = -4*z + 3*k. Suppose 4*p = -2*g + 5 + 21, z*g - 23 = -p. What is the tens digit of g?
1
Suppose -4*x - 3 = -5*x. Let j(o) = 3*o**2 + 3*o. What i